ns digit of 6/s + 412/12?
3
Let v = -69 + 90. Let t = -14 + v. Let q(s) = s**2 - 2*s + 12. What is the units digit of q(t)?
7
Let n be ((-15)/5 - 92)/((-1)/(-1)). Let q = n + -39. Let m = q + 267. What is the units digit of m?
3
Let f be -9 - (0 + -5) - -438 - 1. Let c = -344 + f. What is the tens digit of c?
8
Let z = 19990 - 13750. What is the units digit of z?
0
Suppose -53*p = -55*p - 1278. Let a = -440 - p. What is the tens digit of a?
9
Let j(c) = 37*c + 221. Let x be j(22). What is the tens digit of (-7)/(35/45) + x?
2
What is the ten thousands digit of -38 - -31 - -1*9 - -15570?
1
Let r(f) = 15*f**2 - 90*f + 1. Let y = 531 + -522. What is the hundreds digit of r(y)?
4
Suppose -2*b - 6 = -0. Let j(d) = 51*d**2 - 42*d**2 - 7 + 3 - d. What is the tens digit of j(b)?
8
Let s be 4*(-1)/(-2) - (-184)/8. Suppose s*y = 8562 - 1462. What is the hundreds digit of y?
2
Suppose -14*p - 2*c = -12*p - 55782, 0 = p + 2*c - 27893. What is the tens digit of p?
8
Suppose 0 = 4*s + 18 + 70. Let u be 16/(-88) + (-268)/s. Suppose 0 = -u*c + 14*c - 118. What is the units digit of c?
9
Let m be 20/2*(0 + 1). Let x be 1/(27/6462*(-2)/(-6)). Suppose x - 3388 = -m*l. What is the tens digit of l?
6
Suppose -2*x + 32 = 4*g, -3*g + 4 = -g - 5*x. Suppose -5*w - 614 = -g*w. What is the tens digit of w?
0
Suppose 2*t = -c + 3, -5*c - 13 = 12. Let s = 15 + 38. Suppose -t*j + s = -15. What is the tens digit of j?
1
Let n(u) = -1968*u**3 + 2*u**2 + 4*u + 3. Let h be n(-1). Suppose 0 = y + 10*y - h. What is the tens digit of y?
7
Suppose 15*a = -0 + 60. Suppose d = 5*u - 161, a*u - 30 = -4*d + 118. What is the tens digit of u?
3
Suppose 71*k - 66*k = 3*p - 47815, 3*p - 4*k - 47813 = 0. What is the ten thousands digit of p?
1
Let x = 27 + -22. Suppose -3*r + 7*r = -2*n + 1394, x*r - n = 1760. What is the tens digit of r?
5
Suppose 7 = 4*d - 5. Suppose 4*b = 2*l - 184 - 56, 173 = -d*b + 5*l. What is the tens digit of (b/(-2))/((-3)/6 - -1)?
6
Let j(h) = -125*h**3 + 8*h**2 - 12*h - 58. What is the units digit of j(-4)?
8
Let k = -20244 + 34440. What is the ten thousands digit of k?
1
Suppose -166*t + 3937470 + 159908 = 0. What is the ten thousands digit of t?
2
Suppose 32 = 4*x + 4*j, 4*j + 3 = 15. Suppose -4*d + 404 = -4*o, o - x*o = -5*d + 504. What is the tens digit of d?
0
Suppose 8*y - 48 = 0, 2*y = -2*o + 1549 + 1773. What is the hundreds digit of o?
6
Let b(r) = -3*r + 8. Let w be b(1). Suppose -w*x = 8*x + 91. What is the units digit of 0 - 5 - (x - 273)?
5
Suppose 90*b - 47682 - 104148 = 0. What is the hundreds digit of b?
6
Let b(c) = 78*c**3 + 6*c**2 - 61*c + 27. What is the units digit of b(6)?
5
Let z be -3*(-4)/(-30) + (-423)/(-45). Let w(m) = 2*m**3 - 18*m**2 + 2*m - 1. What is the units digit of w(z)?
7
Let t(v) = 4*v + 19. Let l be t(14). Suppose 0*b - 2*b = 2*s - 114, 0 = -s + 5*b + l. What is the units digit of s?
0
Let v be 3*(-1)/((-6)/(-4))*-2. Suppose -3*a - 620 = -4*a - 4*d, 0 = -v*a - 5*d + 2513. What is the hundreds digit of a?
6
What is the thousands digit of 10/(-10)*-85026 - -23?
5
Let x be ((-12)/21)/((-16)/56). Suppose -n - x*j + 920 = 0, -4*n + 15*j = 12*j - 3636. What is the hundreds digit of n?
9
Let y = 27043 - 17366. What is the thousands digit of y?
9
Let n(t) = -4*t**2 - 455*t + 314. What is the ten thousands digit of n(-66)?
1
Suppose 3*v = 4*p + 34, 3*v - v - 20 = 2*p. Suppose -2*m = 5*h + 1251, v*h = 3*h - 2*m - 753. What is the units digit of h*2*4/(-24)?
3
Let r = -10404 - -15861. What is the hundreds digit of r?
4
Let k = -94 + 96. Suppose -k*u = p - 6*p + 1080, -p + 216 = 4*u. What is the hundreds digit of p?
2
Let s(u) = -24*u**3 - 4*u**2 - u + 2. Let x be s(-2). Suppose -x*y = -176*y - 664. What is the hundreds digit of y?
1
Let b(l) = 242*l - 94. What is the units digit of b(23)?
2
Suppose -3*k - 2862 = 2*r - 10057, -4*k - r + 9600 = 0. What is the tens digit of k?
0
Let m(v) = 1065*v**3 - v**2 + 5*v - 5. Let b be m(1). Suppose 0*l + 4*l + 803 = 3*u, -2*l - b = -4*u. What is the units digit of u?
5
Suppose m - 164218 + 677818 = 26*m. What is the tens digit of m?
4
Suppose 0 = -3*t + 2*g + 9, 5*g + 9 = 5*t - 6. Suppose h = t*u - 4886, 5*u - 1602 = 4*u - 5*h. What is the thousands digit of u?
1
Let q(g) = 829*g - 6790. What is the thousands digit of q(24)?
3
Let b = 399 + -404. What is the tens digit of 1/((b/(-6835) - -3) + -3)?
6
Let b be 1 - (-47)/9 - (-6)/(-27). Let f be (4/b*-6)/1. What is the tens digit of (-22)/f*-6*3/(-3)?
3
Let l(n) = -n**3 - 5*n + 68. Let y be l(0). Let g = y - 60. What is the units digit of 113 + (1 - -1) - (g - 7)?
4
What is the units digit of ((-707)/(-4))/(13*(-24)/(-4992))?
8
Let n = -25 + 40. Suppose 0*a = 5*a + n. What is the tens digit of ((-230)/(-15) - a)*3?
5
Suppose 2*d - 13*p + 10*p = 29076, 0 = 6*d + 5*p - 87228. What is the thousands digit of d?
4
Let j = 76171 + -31453. What is the units digit of j?
8
Let u(t) be the first derivative of 27*t**3 + 0 + 82*t**2 - 8 - 80*t**2 + t**3 + 4*t. What is the units digit of u(-1)?
4
Let m(g) = 14*g**2 - 9*g - 21. Let r be m(-14). Suppose 7*p - r = -0*p. Suppose -n - n + 5*v + 211 = 0, 4*n - 5*v = p. What is the units digit of n?
8
What is the units digit of 3*((-29887)/(-39) - 18)?
5
Let l(x) = -x**3 - 4*x**2 + 10*x - 4. Let s be l(-6). Suppose 3*b = 5*i - 2397, 5*i - s*i = -3*b - 1443. What is the hundreds digit of i?
4
Let u(y) be the first derivative of y**6/180 + y**5/120 + y**4/24 - 3*y**3 - 4. Let x(i) be the third derivative of u(i). What is the units digit of x(-2)?
7
Let w(u) be the third derivative of 109*u**5/20 + 5*u**4/24 + 7*u**3/6 - u**2 - 20*u. What is the hundreds digit of w(-1)?
3
Let b be (9330/18 - 3/9) + -1. Suppose 103 = -w + b. What is the tens digit of w?
1
Suppose -171 = 2*l + 9. Let u = l + 163. What is the tens digit of u?
7
Let j(c) = 2*c**3 + c**2 + 0*c**3 + 5*c - 3 - 3*c**2. Let w(b) = -b**3 - 9*b**2 - 4*b - 33. Let r be w(-9). What is the tens digit of j(r)?
4
Suppose 0 = 65*g - 69*g + 12, g - 11875 = -2*q. What is the units digit of q?
6
Suppose 3*r = -p + 25793, -p = r + r - 17194. What is the thousands digit of r?
8
Suppose -3*m + 87 = -822. Suppose -4*p + 1182 = d - 2*d, 0 = p - 4*d - m. What is the units digit of p?
5
Suppose -30*y + 65960 + 32089 = 19*y. What is the thousands digit of y?
2
Let i be 5/((-5)/(-411))*(-48)/(-9). Suppose -5*w + 5*v = -2000, i = 5*w - v + 188. What is the hundreds digit of w?
4
Let g(h) = h + 9. Let a be ((-40)/14)/(32/(-112)). Let k be g(a). Suppose k - 45 = -2*n. What is the tens digit of n?
1
Suppose -3*u + 5*u - 414 = -2*d, 832 = 4*u + 5*d. Let c = 469 - u. What is the units digit of c?
6
Let w = -206 - -5142. What is the thousands digit of w?
4
Let a = 21272 + -13592. What is the thousands digit of a?
7
Let s = -757 - -173. Let b = s - -320. What is the hundreds digit of (-14)/(b/(-68) + -4)?
1
Suppose 9*w - 236 = 754. What is the tens digit of w*1 - 0/((-28)/4)?
1
Let p be (-1203)/(-1 + 4)*(-17 + 15). Let u = p - 150. What is the units digit of u?
2
Suppose -5*v = a - 3 - 2, 0 = 5*a - 2*v - 79. Suppose -3*p - 2*p + a = 0. Suppose -2*i = -p*i + 16. What is the tens digit of i?
1
Suppose 0 = 35*w - 109892 - 35393. What is the hundreds digit of w?
1
Let o(b) = -b**2 + 4*b + 50. Let m be o(9). What is the units digit of 25*m*(-94)/(-50)?
5
Let z = -13672 + 21345. What is the thousands digit of z?
7
Let s(m) = -1231*m - 2. Let q be s(-1). Let d = q - 296. Suppose -10*i + 527 = -d. What is the hundreds digit of i?
1
Let m be 12/(3/(-3)*3/(-3)). Let u be 5 - 2 - (-3)/(m/(-4)). Suppose 5*d - 874 = 2*x, -2*d + u*x + 178 = -d. What is the tens digit of d?
7
Suppose -14*u + 15606 = -8*u. What is the thousands digit of u?
2
Suppose -2*u + 5*m = -0*u - 332, -5*m = u - 181. Suppose 4*d - 7*d + u = 0. Suppose 0*n = -3*n + d. What is the units digit of n?
9
Suppose 417*g + 120768 = 434*g. What is the tens digit of g?
0
Let r(j) = -j**3 + 8*j**2 - 12*j + 1. Suppose -45 = -5*l + 5*x, 0*l - 5*x = -3*l + 25. Let u be r(l). Let n = -219 - u. What is the units digit of n?
0
Let g(m) = m**3 - 2*m**2 - 1. Let o(x) = -5*x**3 + 8*x**2 - 14*x - 36. Let c(v) = 3*g(v) + o(v). What is the hundreds digit of c(-6)?
5
Suppose -4*n + 12 + 0 = 0, -3*n + 3159 = -5*a. Let m = a - -1011. What is the units digi